-49
Let d(z) = -5*z - 67. Let q be d(-14). Let b(w) = 7*w**2 + 10*w - 15. Let l(v) = 4*v**2 + 5*v - 8. Let n(g) = q*b(g) - 5*l(g). Give n(-7).
9
Let l(d) = -3*d**3 - 33*d**2 + 182*d - 71. Let u(h) = -4*h**3 - 44*h**2 + 243*h - 95. Let x(a) = -11*l(a) + 8*u(a). Calculate x(-15).
-9
Suppose 4*g = 20, -4*j + 66*g = 71*g - 25. Let m(t) be the first derivative of 4*t**2 + 6 - 1/3*t**3 + j*t. Calculate m(8).
0
Let d(w) = w**2 - w - 1. Suppose -192*t + 187*t = 0. Suppose t = -15*h + 9*h + 30. Give d(h).
19
Let w be 5 + 1 - ((-8)/(-10))/(18/45). Let r(a) = -3*a + 9*a + 2 - 5*a**2 + 4*a**2. Determine r(w).
10
Let b be 450/14 - (-9)/(-63). Suppose b*i + 16 = 34*i. Let g(r) = 3*r - 11 - 5 - 2*r. Calculate g(i).
-8
Suppose -3*x - 16 = -2*h, 106*h - 3*x = 103*h + 21. Let g(m) = m**3 - 5*m**2 + m - 6. What is g(h)?
-1
Let l(d) = -159*d + 313*d - 153*d + 31. Determine l(-15).
16
Let y = -526 + 532. Let o be -7 + 36/(-6) + y. Let a(h) be the third derivative of h**4/24 + 5*h**3/6 - h**2. Determine a(o).
-2
Let g be ((-12)/15)/(20/(-150)) + 2. Let a(v) = -v**3 + 10*v**2 - 16*v - 2. Give a(g).
-2
Let o(d) = 8*d + 22474 - 48359 + 25879 + d**2. Suppose -4*y - 17 - 15 = 0. Calculate o(y).
-6
Let z be (24 - (3 + 22))/(1/(-7)). Let p(u) be the second derivative of -u**5/20 + u**4/2 + 7*u**3/6 + 2*u**2 - u. What is p(z)?
4
Let a(o) be the second derivative of -o**6/720 - o**5/40 + o**4/6 + 15*o. Let n(z) be the third derivative of a(z). Let y = -28 - -24. Give n(y).
1
Let d(z) = -z**3 + 2*z**2 + 5*z - 3. Let w = 123 - 125. Let s be (1/2*2)/(w/(-6)). Determine d(s).
3
Let w(t) = t**2 - 3*t - 1. Let q = 126 - 308. Let x be (1/3)/(3 - q/(-63)). What is w(x)?
-1
Let t(p) = -p**3 - 7*p**2 - 3*p - 6. Suppose 0 = -45*x + 117*x - 50*x + 154. Calculate t(x).
15
Let w(n) = -3*n**3 + 28*n**2 - 5*n - 47. Let r be w(9). Let d(v) = 4*v + 52. Give d(r).
8
Let w(s) = 11 - 24 + s**2 + s**2 + 22 + 15*s. Let m(c) = -4*c**3 - 3*c**2 + 9*c - 8. Let g be m(1). Calculate w(g).
-9
Let g(o) = 13*o**2 - 2*o. Let l = -922 - -924. Determine g(l).
48
Suppose 29*i + 4 = 33. Let u(k) = -k**3 + 15*k**2 - 2*k + 18. Let c(d) = d + 1. Let h(b) = i*c(b) + u(b). Determine h(15).
4
Let z(w) be the second derivative of -16*w + 0*w**2 + 1/24*w**4 - 31/6*w**3 + 1/120*w**5 + 0. Let g(r) be the second derivative of z(r). What is g(-6)?
-5
Let f(g) = 14*g**2 + 17*g + 3. Let b(j) = -62*j**2 - 69*j - 12. Let i(x) = -5*x - 37. Let a be i(-7). Let k(p) = a*b(p) - 9*f(p). Calculate k(-7).
4
Let h(v) = -50*v**2 - 36*v**2 - 3*v**3 + 96*v**2 + 0*v**3 + 4*v**3 - 28*v - 35. Give h(-12).
13
Let s = -4611 - -55333/12. Let i(h) be the second derivative of 9*h + h**2 - s*h**4 + 0 + 1/3*h**3. What is i(5)?
-13
Let t(b) be the first derivative of b**4/4 + 2*b**3 + 3*b**2/2 - 3*b + 1021. Calculate t(-6).
-21
Let u be (-10)/((-3)/12 + 45/20). Let q(l) be the second derivative of -l**3/2 - 5*l**2/2 - 2*l. What is q(u)?
10
Let g be 13 - (16/(-2))/(-4). Let i(r) = r**3 - 12*r**2 + 16*r - 7. Let y be i(g). Let b = y - 43. Let a(h) = h**2 - 6*h + 2. Calculate a(b).
-3
Let r(s) = -s**2 - 6*s + 7. Let f(d) = -17*d + 213. Let p be f(12). Suppose -p*q + 302 = 347. What is r(q)?
12
Let r(k) = -176 + 11*k - 64 + 456 + 26*k. Give r(-6).
-6
Let a(n) = 6 - n**2 - 174202*n + 174202*n. Give a(4).
-10
Let k(p) = -p - 2. Let g be k(-6). Let n(o) = 16867672*o + 3 + 2 - 16867673*o. Give n(g).
1
Let u(a) = -25*a - 103. Let n(i) = 15*i + 66. Let z(w) = -8*n(w) - 5*u(w). Calculate z(7).
22
Let o = -2 - 5. Let a(y) be the first derivative of y**2/2 + 12*y + 731. What is a(o)?
5
Let o(p) be the second derivative of p**4/12 - p**3/6 - 3*p**2/2 + 4316*p. Let c(u) = u**2 + 6*u + 2. Let i = -11 + 6. Let x be c(i). What is o(x)?
9
Let k(w) = 2*w**2 + 20*w - 17. Suppose 3*d + 30 = 4*g, 1040*d - 1038*d + 5*g = -20. What is k(d)?
-17
Let l(j) = 8*j**2 + 3*j**2 - j**3 - 5*j**2 + j. Let p = 25049 + -25043. Calculate l(p).
6
Let y(l) = 3*l + 1. Let s(d) = 10 - 1 - 8 + 2*d. Let t(w) = -6*s(w) + 5*y(w). What is t(5)?
14
Let m(c) = c**3 - 15. Let p(o) = o**2. Let h(r) = -m(r) + 2*p(r). Calculate h(0).
15
Let a(h) = -h**3 - 25*h**2 + 56*h + 18. Let u be 1002/72*-2 - 4/((-120)/25). Calculate a(u).
-36
Let r(w) = -w**3 + 8 - 84*w - 64*w + 142*w - 11*w**2. Calculate r(-11).
74
Let i(p) = -17*p**2 + 20. Let y(c) = -8*c**2 + 9. Let o(q) = 4*i(q) - 9*y(q). Let z be ((-8)/24)/(1/(-1 + -2)). Determine o(z).
3
Let j(q) = 2*q - 2. Let l = -79 + 89. Suppose -l = 5*w + 10. Determine j(w).
-10
Let k = -1 + -6. Let j(n) = -n - 1. Let z(h) = h + 2. Let c(p) = 5*j(p) + 6*z(p). Determine c(k).
0
Let t(l) = -l**2 + 22*l - 101. Let c(u) = 7*u**2 - 154*u + 701. Let o(v) = -2*c(v) - 15*t(v). What is o(12)?
-7
Let k(a) be the first derivative of -23*a**2/2 + 3*a + 2996. Determine k(4).
-89
Let p(r) = -13*r + 43. Let k be p(-8). Let f(a) = -k - a**3 + 0*a + 146 - 4*a**2 + 10*a**2 - 6*a. Suppose 0 = 5*c + u + 3*u - 45, -u + 25 = 4*c. Calculate f(c).
-6
Suppose -430 = 83*r - 1260. Let y(o) = 3*o - 32. What is y(r)?
-2
Let x(a) = 4*a**2 + 9*a + 5. Let r = -30 - -28. Let s(d) be the first derivative of d**3/3 + d**2 + d + 68. Let z(p) = r*x(p) + 9*s(p). Determine z(2).
3
Let i be (-5)/2*(-8)/5. Let u(c) = 321*c**2 + 45*c + 20. Let s(p) = -35*p**2 - 5*p - 2. Let b(r) = 55*s(r) + 6*u(r). Determine b(i).
6
Let t be (21/(-6) + 5)*2 + 2*12. Let y(k) = -2*k + 49. Calculate y(t).
-5
Let u(b) = -7 + 9*b**2 + 5*b**3 - 4*b**3 - 8*b + 13*b. Let n be u(-8). Let y(d) = -5 - 13*d**3 - 6*d - 5*d**3 + n*d**3 - 5*d**2. What is y(-4)?
3
Let x(k) = -2*k - 18. Suppose 2480*c - 2468*c + 60 = 0. Determine x(c).
-8
Let v be 1 + 2 + (6 - (-6 - -10)). Suppose -o - 5*x - 14 = o, 4*o + 28 = v*x. Let d(n) be the third derivative of -n**4/24 - 5*n**3/6 - 2*n**2. What is d(o)?
2
Let l(p) = 3*p - 7. Let r be l(3). Let h(g) = -g + 2. Let c(y) be the second derivative of y**3/3 - y**2 + 17*y. Let u(n) = 4*c(n) + 5*h(n). Determine u(r).
8
Let r(b) be the third derivative of b**5/30 - b**4/24 - b**3/6 - 16*b**2. Let s(t) be the first derivative of r(t). Suppose 0 = 8*h - 18*h + 50. Give s(h).
19
Let o(b) = 283*b - 9. Let v(j) = 1320*j - 48. Let y(a) = 14*o(a) - 3*v(a). Let t = 9 + -15. What is y(t)?
6
Let l(z) be the first derivative of -z**3/3 - 7*z**2/2 - z - 3233. What is l(-5)?
9
Let y(d) be the second derivative of 0*d**2 - 48*d + 0 - 1/12*d**4 + 1/6*d**3. What is y(0)?
0
Let x(c) = c**2 + 4*c + 1. Let a(s) = 7 + 10 + 40*s - 22 + 11 + 8*s**2. Let i(p) = a(p) - 10*x(p). Give i(2).
-12
Let h(d) = -d - 1. Let a(z) = 2*z + 4. Suppose 4*m - 3*x - 16 = 0, 0*m + m + 2*x = -7. Let q be (2 - m) + -3 + 3. Let v(o) = q*a(o) + 3*h(o). Determine v(-5).
6
Suppose 5*s = -43 + 53. Let z(c) = -600*c - c**2 + 5 + 609*c + s*c**2. Determine z(-4).
-15
Let u(d) = d**3 - 22*d**2 + 38*d + 27. Suppose -l = -4*r + 6*l + 45, 0 = -5*r - l + 105. Determine u(r).
-13
Let j(w) = -13*w + 87. Let u be j(7). Let t be (16/12)/(u/(-42)). Let h(s) = s - 14. Give h(t).
0
Let d(t) be the second derivative of t**5/10 + 3*t**4 - 13*t**3 + 25*t**2/2 - 1659*t + 2. Determine d(-20).
-15
Let n be -2 + 1 + -2 + (-160)/(-5). Let i = n + 5. Let r = 35 - i. Let m(c) = c**3 - c**2 - c + 1. Give m(r).
0
Let w(d) = -d**3 - 36*d**2 + 36*d - 45. Let v be 111*(-3 - (-6)/(-18)*-8). What is w(v)?
-8
Let x(b) = -1. Suppose 3*q - 43 + 49 = 0. Let o be q*((-21)/6 + 4). Let g(y) = -y - 6. Let r(v) = o*g(v) + 5*x(v). Give r(-6).
-5
Let x(n) be the third derivative of n**6/60 - n**4/6 + n**3/2 + 585*n**2. Suppose -10*t + 9*t + 2 = 0. Determine x(t).
11
Let s(c) = -c**2 + 2*c + 2. Let k be s(2). Let v(f) be the third derivative of f**6/120 + f**5/30 + f**4/12 - f**3/2 - 3*f**2 + 796*f - 2. Determine v(k).
17
Let i(t) = -72*t + 37*t**2 + 65*t + 1 + 4 - 109*t. What is i(3)?
-10
Let x be (-5)/1*1628/2035. Let m(n) = n**3 + 4*n**2 - n + 7. Let l(r) = -2*r**3 - 8*r**2 + r - 15. Let d = 1 - -6. Let t(h) = d*m(h) + 3*l(h). Calculate t(x).
20
Let i(l) = -6 - 15*l**3 + 14*l**3 + 2*l - 9*l - 5*l**2. Let h(o) = 71 + o - 4*o - 77 + 2*o. Let j be h(-2). Give i(j).
6
Let p = 452 + -446. Let f be 200/(-150) + (-58)/p. Let b(i) = i**2 + 10*i - 9. Determine b(f).
2
Let q be -3*(-693)/14*(-2)/(-1). Let f be ((-54)/q)/((-2)/11). Let r(w) = -7*w + 24*w + 0*w. Calculate r(f).
17
Let t(d) = -d**3 + 38